{"id":720,"date":"2015-06-23T19:41:03","date_gmt":"2015-06-23T19:41:03","guid":{"rendered":"http:\/\/schnitt.com.ar\/?page_id=720"},"modified":"2015-07-22T01:23:39","modified_gmt":"2015-07-22T01:23:39","slug":"corte-sd","status":"publish","type":"page","link":"https:\/\/schnitt.com.ar\/index.php\/fuentes-plasma\/corte-sd\/","title":{"rendered":"Corte SD"},"content":{"rendered":"<div id='av_section_1'  class='avia-section main_color avia-section-default avia-no-shadow  avia-bg-style-scroll  avia-builder-el-0  el_before_av_section  avia-builder-el-first   container_wrap sidebar_right' style='background-color: #144c21;  '  ><div class='container' ><main  role=\"main\" itemprop=\"mainContentOfPage\"  class='template-page content  av-content-small alpha units'><div class='post-entry post-entry-type-page post-entry-720'><div class='entry-content-wrapper clearfix'>\n<div class=\"flex_column av_one_third  flex_column_div first  avia-builder-el-1  el_before_av_two_third  avia-builder-el-first  \" ><p><div  style='padding-bottom:10px; color:#ffffff;font-size:40px;' class='av-special-heading av-special-heading-h1 custom-color-heading blockquote modern-quote  avia-builder-el-2  el_before_av_hr  avia-builder-el-first  av-thin-font av-inherit-size '><h1 class='av-special-heading-tag '  itemprop=\"headline\"  >CutMaster <strong>Corte SD<\/strong><\/h1><div class='special-heading-border'><div class='special-heading-inner-border' style='border-color:#ffffff'><\/div><\/div><\/div><br \/>\n<div  style=' margin-top:0px; margin-bottom:10px;'  class='hr hr-custom hr-left hr-icon-no   avia-builder-el-3  el_after_av_heading  el_before_av_image '><span class='hr-inner  inner-border-av-border-thin' style=' width:600px; border-color:#375e40;' ><span class='hr-inner-style'><\/span><\/span><\/div><br \/>\n<div  class='avia-image-container  av-styling-    avia-builder-el-4  el_after_av_hr  avia-builder-el-last  avia-align-center '  itemprop=\"image\" itemscope=\"itemscope\" itemtype=\"https:\/\/schema.org\/ImageObject\"  ><div class='avia-image-container-inner'><div class='avia-image-overlay-wrap'><img decoding=\"async\" class='wp-image-1125 avia-img-lazy-loading-not-1125 avia_image' src=\"https:\/\/schnitt.com.ar\/wp-content\/uploads\/2015\/06\/More-Punch-When-you-need-it.jpg\" alt='' title='More-Punch-When-you-need-it' height=\"368\" width=\"417\"  itemprop=\"thumbnailUrl\" srcset=\"https:\/\/schnitt.com.ar\/wp-content\/uploads\/2015\/06\/More-Punch-When-you-need-it.jpg 417w, https:\/\/schnitt.com.ar\/wp-content\/uploads\/2015\/06\/More-Punch-When-you-need-it-300x265.jpg 300w\" sizes=\"(max-width: 417px) 100vw, 417px\" \/><\/div><\/div><\/div><\/p><\/div><div class=\"flex_column av_two_third  flex_column_div   avia-builder-el-5  el_after_av_one_third  avia-builder-el-last  \" ><p><div  style='padding-bottom:10px; color:#ffffff;font-size:30px;' class='av-special-heading av-special-heading-h3 custom-color-heading blockquote modern-quote  avia-builder-el-6  el_before_av_textblock  avia-builder-el-first  av-inherit-size '><h3 class='av-special-heading-tag '  itemprop=\"headline\"  >Caracter\u00edsticas Generales<\/h3><div class='special-heading-border'><div class='special-heading-inner-border' style='border-color:#ffffff'><\/div><\/div><\/div><br \/>\n<section class=\"av_textblock_section \"  itemscope=\"itemscope\" itemtype=\"https:\/\/schema.org\/CreativeWork\" ><div class='avia_textblock  av_inherit_color '  style='font-size:12px; color:#ffffff; '  itemprop=\"text\" ><ul>\n<li>Un poderoso ciclo de trabajo de 80% para llevar a cabo la producci\u00f3n diaria de cortes a\u00fan en los entornos mas agresivos.<\/li>\n<li>Ligero, de dise\u00f1o compacto, con c\u00f3modas patas de apoyo que facilitan su montaje en cualquier aplicaci\u00f3n.<\/li>\n<li>Su antorcha con v\u00e1lvula reduce el tiempo para el cambio de piezas y aumenta la productividad.<\/li>\n<li>Interfaz de conexi\u00f3n con CNC ubicad en la parte posterior de la m\u00e1quina que brinda se\u00f1ales de arranque\/parada y habilitaci\u00f3n del movimiento (OK to MOVE).<\/li>\n<li>Permite obtener la tensi\u00f3n de arco m\u00e1xima mediante una conexi\u00f3n interna.<\/li>\n<li>Programa de detecci\u00f3n autom\u00e1tica de antorcha conectada e interruptores para cambiar entre modos manual y automatizado.<\/li>\n<li>Programa de automatizaci\u00f3n exclusivo que mejora el tiempo y el rendimiento del ciclo en la mayor\u00eda de las aplicaciones.<\/li>\n<\/ul>\n<p><span  class=\"av_font_icon avia_animate_when_visible avia-icon-animate  av-icon-style-  av-no-color avia-icon-pos-left \" style=\"\"><span class='av-icon-char' style='font-size:25px;line-height:25px;' aria-hidden='true' data-av_icon='\ue84e' data-av_iconfont='entypo-fontello' ><\/span><\/span>\u00a0<strong>Vea aqu\u00ed el <a href=\"http:\/\/victortechnologies.com\/IM_Uploads\/doclib_9876_DocLib_9818_Victor_Thermal_Dynamics_CutmasterTRUE_RangeBro_(63-1400)_Jan2014.pdf\">Cat\u00e1logo Completo de Thermal Dynamics<\/a><\/strong><\/p>\n<\/div><\/section><\/p><\/div>\n\n<\/div><\/div><\/main><!-- close content main element --><\/div><\/div><div id='av_section_2'  class='avia-section main_color avia-section-default avia-no-shadow  avia-bg-style-scroll  avia-builder-el-9  el_after_av_section  el_before_av_section   container_wrap sidebar_right' style='background-color: #ffffff;  '  ><div class='container' ><div class='template-page content  av-content-small alpha units'><div class='post-entry post-entry-type-page post-entry-720'><div class='entry-content-wrapper clearfix'>\n<div   data-autoplay='false'  data-interval='5'  data-animation='slide'  data-show_slide_delay='30'  class='avia-content-slider-element-container avia-content-slider-element-slider avia-content-slider avia-smallarrow-slider avia-content-slider-active avia-content-slider1 avia-content-slider-even  avia-builder-el-10  el_before_av_hr  avia-builder-el-first  av_inherit_color '  style=' color:#5b5b5b; '><div class='avia-smallarrow-slider-heading  no-content-slider-heading '><div class='new-special-heading'>&nbsp;<\/div><\/div><div class='avia-content-slider-inner'><div class='slide-entry-wrap'><section class='slide-entry flex_column post-entry slide-entry-overview slide-loop-1 slide-parity-odd  av_one_fourth first'  itemscope=\"itemscope\" itemtype=\"https:\/\/schema.org\/CreativeWork\" ><h3 class='slide-entry-title entry-title '  itemprop=\"headline\" ><\/p>\n<h3>CutMaster 52<\/h3>\n<p><\/h3><div class='slide-entry-excerpt entry-content'  itemprop=\"text\" ><p><a href=\"http:\/\/schnitt.com.ar\/wp-content\/uploads\/2015\/06\/fuente-sd-e1435094453520.jpg\"><img loading=\"lazy\" decoding=\"async\" class=\"size-full wp-image-768 alignnone\" src=\"http:\/\/schnitt.com.ar\/wp-content\/uploads\/2015\/06\/fuente-sd-e1435094453520.jpg\" alt=\"Fuente SD\" width=\"401\" height=\"224\" srcset=\"https:\/\/schnitt.com.ar\/wp-content\/uploads\/2015\/06\/fuente-sd-e1435094453520.jpg 401w, https:\/\/schnitt.com.ar\/wp-content\/uploads\/2015\/06\/fuente-sd-e1435094453520-300x168.jpg 300w\" sizes=\"(max-width: 401px) 100vw, 401px\" \/><\/a><\/p>\n<p style=\"text-align: left;\"><strong>Alimentaci\u00f3n Trif\u00e1sica<\/strong> 400 V<br \/>\n<strong>Corriente de salida<\/strong> 20-60 A<br \/>\n<strong>Espesor de corte de producci\u00f3n<\/strong> 6mm<br \/>\n<strong>Capacidad m\u00e1xima de perforaci\u00f3n<\/strong> 12mm<br \/>\n<strong>Ciclo de trabajo 80% con<\/strong> 40 A<\/p>\n<p style=\"text-align: left;\"><a href=\"http:\/\/schnitt.com.ar\/wp-content\/uploads\/2015\/06\/cm52-side.png\"><img loading=\"lazy\" decoding=\"async\" class=\" wp-image-1100 size-full alignnone\" src=\"http:\/\/schnitt.com.ar\/wp-content\/uploads\/2015\/06\/cm52-side.png\" alt=\"cm52-side\" width=\"141\" height=\"426\" srcset=\"https:\/\/schnitt.com.ar\/wp-content\/uploads\/2015\/06\/cm52-side.png 141w, https:\/\/schnitt.com.ar\/wp-content\/uploads\/2015\/06\/cm52-side-99x300.png 99w\" sizes=\"(max-width: 141px) 100vw, 141px\" \/><\/a><\/p>\n<p style=\"text-align: left;\"><span  class=\"av_font_icon avia_animate_when_visible avia-icon-animate  av-icon-style-  avia-icon-pos-left \" style=\"color:red; border-color:red;\"><span class='av-icon-char' style='font-size:16px;line-height:16px;' aria-hidden='true' data-av_icon='\ue800' data-av_iconfont='fontello' ><\/span><\/span>\u00a0<a style=\"color: #115411;\" href=\"http:\/\/schnitt.com.ar\/descargas\/Manuales-Thermal-Dynamics\/Tablas-de-cortes\/sd\/EN_TablasDeCorte_CutMaster_A52.pdf\" target=\"_blank\">Descarga\u00a0Tabla de Corte<\/a><br \/>\n<span  class=\"av_font_icon avia_animate_when_visible avia-icon-animate  av-icon-style-  avia-icon-pos-left \" style=\"color:red; border-color:red;\"><span class='av-icon-char' style='font-size:16px;line-height:16px;' aria-hidden='true' data-av_icon='\ue800' data-av_iconfont='fontello' ><\/span><\/span>\u00a0<a style=\"color: #115411;\" href=\"http:\/\/schnitt.com.ar\/descargas\/Manuales-Thermal-Dynamics\/Manuales\/sd\/ES_CutMaster_52.pdf\" target=\"_blank\">Descarga Manual<\/a><br \/>\n<span  class=\"av_font_icon avia_animate_when_visible avia-icon-animate  av-icon-style-  avia-icon-pos-left \" style=\"color:red; border-color:red;\"><span class='av-icon-char' style='font-size:16px;line-height:16px;' aria-hidden='true' data-av_icon='\ue800' data-av_iconfont='fontello' ><\/span><\/span>\u00a0<a style=\"color: #115411;\" href=\"http:\/\/victortechnologies.com\/thermaldynamics\/featured-products\/cutmaster-52'\" target=\"_blank\" rel=\"noopener\">Ver Website Oficial<\/a><\/p>\n<\/div><\/section><section class='slide-entry flex_column post-entry slide-entry-overview slide-loop-2 slide-parity-even  av_one_fourth '  itemscope=\"itemscope\" itemtype=\"https:\/\/schema.org\/CreativeWork\" ><h3 class='slide-entry-title entry-title '  itemprop=\"headline\" ><\/p>\n<h3>CutMaster82<\/h3>\n<p><\/h3><div class='slide-entry-excerpt entry-content'  itemprop=\"text\" ><p><a href=\"http:\/\/schnitt.com.ar\/wp-content\/uploads\/2015\/06\/fuente-sd-e1435094453520.jpg\"><img loading=\"lazy\" decoding=\"async\" class=\" size-full wp-image-768 alignnone\" src=\"http:\/\/schnitt.com.ar\/wp-content\/uploads\/2015\/06\/fuente-sd-e1435094453520.jpg\" alt=\"Fuente SD\" width=\"401\" height=\"224\" srcset=\"https:\/\/schnitt.com.ar\/wp-content\/uploads\/2015\/06\/fuente-sd-e1435094453520.jpg 401w, https:\/\/schnitt.com.ar\/wp-content\/uploads\/2015\/06\/fuente-sd-e1435094453520-300x168.jpg 300w\" sizes=\"(max-width: 401px) 100vw, 401px\" \/><\/a><\/p>\n<p style=\"text-align: left;\"><strong>Alimentaci\u00f3n Trif\u00e1sica<\/strong> 400 V<br \/>\n<strong>Corriente de salida<\/strong> 20-80 A<br \/>\n<strong>Espesor de corte de producci\u00f3n<\/strong>\u00a010mm<br \/>\n<strong>Capacidad m\u00e1xima de perforaci\u00f3n<\/strong> 15mm<a href=\"http:\/\/schnitt.com.ar\/wp-content\/uploads\/2015\/06\/fuente-sd.jpg\"><br \/>\n<\/a><strong>Ciclo de trabajo 80% con<\/strong>\u00a060 A<\/p>\n<p><a href=\"http:\/\/schnitt.com.ar\/wp-content\/uploads\/2015\/06\/cm82-side.png\"><img loading=\"lazy\" decoding=\"async\" class=\" size-full wp-image-1101 alignnone\" src=\"http:\/\/schnitt.com.ar\/wp-content\/uploads\/2015\/06\/cm82-side.png\" alt=\"cm82-side\" width=\"142\" height=\"423\" srcset=\"https:\/\/schnitt.com.ar\/wp-content\/uploads\/2015\/06\/cm82-side.png 142w, https:\/\/schnitt.com.ar\/wp-content\/uploads\/2015\/06\/cm82-side-101x300.png 101w\" sizes=\"(max-width: 142px) 100vw, 142px\" \/><\/a><\/p>\n<p><span  class=\"av_font_icon avia_animate_when_visible avia-icon-animate  av-icon-style-  avia-icon-pos-left \" style=\"color:red; border-color:red;\"><span class='av-icon-char' style='font-size:16px;line-height:16px;' aria-hidden='true' data-av_icon='\ue800' data-av_iconfont='fontello' ><\/span><\/span><a style=\"color: #115411;\" href=\"http:\/\/schnitt.com.ar\/descargas\/Manuales-Thermal-Dynamics\/Tablas-de-cortes\/sd\/EN_TablasDeCorte_CutMaster_A82.pdf\" target=\"_blank\">Descarga\u00a0Tabla de Corte<\/a><br \/>\n<span  class=\"av_font_icon avia_animate_when_visible avia-icon-animate  av-icon-style-  avia-icon-pos-left \" style=\"color:red; border-color:red;\"><span class='av-icon-char' style='font-size:16px;line-height:16px;' aria-hidden='true' data-av_icon='\ue800' data-av_iconfont='fontello' ><\/span><\/span><a style=\"color: #115411;\" href=\"http:\/\/schnitt.com.ar\/descargas\/Manuales-Thermal-Dynamics\/Manuales\/sd\/ES_CutMaster_82.pdf\" target=\"_blank\">Descarga Manual<\/a><br \/>\n<span  class=\"av_font_icon avia_animate_when_visible avia-icon-animate  av-icon-style-  avia-icon-pos-left \" style=\"color:red; border-color:red;\"><span class='av-icon-char' style='font-size:16px;line-height:16px;' aria-hidden='true' data-av_icon='\ue800' data-av_iconfont='fontello' ><\/span><\/span><a style=\"color: #115411;\" href=\"http:\/\/victortechnologies.com\/thermaldynamics\/featured-products\/cutmaster-82'\" target=\"_blank\" rel=\"noopener\">Ver Website Oficial<\/a><\/p>\n<\/div><\/section><section class='slide-entry flex_column post-entry slide-entry-overview slide-loop-3 slide-parity-odd  av_one_fourth '  itemscope=\"itemscope\" itemtype=\"https:\/\/schema.org\/CreativeWork\" ><h3 class='slide-entry-title entry-title '  itemprop=\"headline\" ><\/p>\n<h3>CutMaster 102<\/h3>\n<p><\/h3><div class='slide-entry-excerpt entry-content'  itemprop=\"text\" ><p><a href=\"http:\/\/schnitt.com.ar\/wp-content\/uploads\/2015\/06\/fuente-sd-e1435094453520.jpg\"><img loading=\"lazy\" decoding=\"async\" class=\"alignnone size-full wp-image-768\" src=\"http:\/\/schnitt.com.ar\/wp-content\/uploads\/2015\/06\/fuente-sd-e1435094453520.jpg\" alt=\"Fuente SD\" width=\"401\" height=\"224\" srcset=\"https:\/\/schnitt.com.ar\/wp-content\/uploads\/2015\/06\/fuente-sd-e1435094453520.jpg 401w, https:\/\/schnitt.com.ar\/wp-content\/uploads\/2015\/06\/fuente-sd-e1435094453520-300x168.jpg 300w\" sizes=\"(max-width: 401px) 100vw, 401px\" \/><\/a><\/p>\n<p><strong>Alimentaci\u00f3n Trif\u00e1sica<\/strong> 400 V<br \/>\n<strong>Corriente de salida<\/strong>\u00a030-100 A<br \/>\n<strong>Espesor de corte de producci\u00f3n<\/strong>\u00a012mm<br \/>\n<strong>Capacidad m\u00e1xima de perforaci\u00f3n<\/strong>\u00a020mm<br \/>\n<strong>Ciclo de trabajo 80% con<\/strong>\u00a080 A<\/p>\n<p><a href=\"http:\/\/schnitt.com.ar\/wp-content\/uploads\/2015\/06\/cm102-side.png\"><img loading=\"lazy\" decoding=\"async\" class=\"alignnone size-full wp-image-1102\" src=\"http:\/\/schnitt.com.ar\/wp-content\/uploads\/2015\/06\/cm102-side.png\" alt=\"cm102-side\" width=\"140\" height=\"418\" srcset=\"https:\/\/schnitt.com.ar\/wp-content\/uploads\/2015\/06\/cm102-side.png 140w, https:\/\/schnitt.com.ar\/wp-content\/uploads\/2015\/06\/cm102-side-100x300.png 100w\" sizes=\"(max-width: 140px) 100vw, 140px\" \/><\/a><\/p>\n<p><span  class=\"av_font_icon avia_animate_when_visible avia-icon-animate  av-icon-style-  avia-icon-pos-left \" style=\"color:red; border-color:red;\"><span class='av-icon-char' style='font-size:16px;line-height:16px;' aria-hidden='true' data-av_icon='\ue800' data-av_iconfont='fontello' ><\/span><\/span><a style=\"color: #115411;\" href=\"http:\/\/schnitt.com.ar\/descargas\/Manuales-Thermal-Dynamics\/Tablas-de-cortes\/sd\/EN_TablasDeCorte_CutMaster_A102.pdf\" target=\"_blank\">Descarga\u00a0Tabla de Corte<\/a><br \/>\n<span  class=\"av_font_icon avia_animate_when_visible avia-icon-animate  av-icon-style-  avia-icon-pos-left \" style=\"color:red; border-color:red;\"><span class='av-icon-char' style='font-size:16px;line-height:16px;' aria-hidden='true' data-av_icon='\ue800' data-av_iconfont='fontello' ><\/span><\/span><a style=\"color: #115411;\" href=\"http:\/\/schnitt.com.ar\/descargas\/Manuales-Thermal-Dynamics\/Manuales\/sd\/ES_CutMaster_102.pdf\" target=\"_blank\">Descarga Manual<\/a><br \/>\n<span  class=\"av_font_icon avia_animate_when_visible avia-icon-animate  av-icon-style-  avia-icon-pos-left \" style=\"color:red; border-color:red;\"><span class='av-icon-char' style='font-size:16px;line-height:16px;' aria-hidden='true' data-av_icon='\ue800' data-av_iconfont='fontello' ><\/span><\/span><a style=\"color: #115411;\" href=\"http:\/\/victortechnologies.com\/thermaldynamics\/featured-products\/cutmaster-102'\" target=\"_blank\" rel=\"noopener\">Ver Website Oficial<\/a><\/p>\n<\/div><\/section><section class='slide-entry flex_column post-entry slide-entry-overview slide-loop-4 slide-parity-even  post-entry-last  av_one_fourth '  itemscope=\"itemscope\" itemtype=\"https:\/\/schema.org\/CreativeWork\" ><h3 class='slide-entry-title entry-title '  itemprop=\"headline\" ><\/p>\n<h3>CutMaster 152<\/h3>\n<p><\/h3><div class='slide-entry-excerpt entry-content'  itemprop=\"text\" ><p><a href=\"http:\/\/schnitt.com.ar\/wp-content\/uploads\/2015\/06\/fuente-sd-e1435094453520.jpg\"><img loading=\"lazy\" decoding=\"async\" class=\"alignnone size-full wp-image-768\" src=\"http:\/\/schnitt.com.ar\/wp-content\/uploads\/2015\/06\/fuente-sd-e1435094453520.jpg\" alt=\"Fuente SD\" width=\"401\" height=\"224\" srcset=\"https:\/\/schnitt.com.ar\/wp-content\/uploads\/2015\/06\/fuente-sd-e1435094453520.jpg 401w, https:\/\/schnitt.com.ar\/wp-content\/uploads\/2015\/06\/fuente-sd-e1435094453520-300x168.jpg 300w\" sizes=\"(max-width: 401px) 100vw, 401px\" \/><\/a><\/p>\n<p><strong>Alimentaci\u00f3n Trif\u00e1sica<\/strong> 400 V<br \/>\n<strong>Corriente de salida<\/strong>\u00a030-120 A<br \/>\n<strong>Espesor de corte de producci\u00f3n<\/strong>\u00a015mm<br \/>\n<strong>Capacidad m\u00e1xima de perforaci\u00f3n<\/strong>\u00a020mm<br \/>\n<strong>Ciclo de trabajo 80% con<\/strong>\u00a0120 A<\/p>\n<p><a href=\"http:\/\/schnitt.com.ar\/wp-content\/uploads\/2015\/06\/cm152-side.png\"><img loading=\"lazy\" decoding=\"async\" class=\"alignnone size-full wp-image-1103\" src=\"http:\/\/schnitt.com.ar\/wp-content\/uploads\/2015\/06\/cm152-side.png\" alt=\"cm152-side\" width=\"142\" height=\"419\" srcset=\"https:\/\/schnitt.com.ar\/wp-content\/uploads\/2015\/06\/cm152-side.png 142w, https:\/\/schnitt.com.ar\/wp-content\/uploads\/2015\/06\/cm152-side-102x300.png 102w\" sizes=\"(max-width: 142px) 100vw, 142px\" \/><\/a><\/p>\n<p><span  class=\"av_font_icon avia_animate_when_visible avia-icon-animate  av-icon-style-  avia-icon-pos-left \" style=\"color:red; border-color:red;\"><span class='av-icon-char' style='font-size:16px;line-height:16px;' aria-hidden='true' data-av_icon='\ue800' data-av_iconfont='fontello' ><\/span><\/span>\u00a0<a style=\"color: #115411;\" href=\"http:\/\/schnitt.com.ar\/descargas\/Manuales-Thermal-Dynamics\/Tablas-de-cortes\/sd\/EN_TablasDeCorte_CutMaster_A152.pdf\" target=\"_blank\">Descarga\u00a0Tabla de Corte<\/a><br \/>\n<span  class=\"av_font_icon avia_animate_when_visible avia-icon-animate  av-icon-style-  avia-icon-pos-left \" style=\"color:red; border-color:red;\"><span class='av-icon-char' style='font-size:16px;line-height:16px;' aria-hidden='true' data-av_icon='\ue800' data-av_iconfont='fontello' ><\/span><\/span>\u00a0<a style=\"color: #115411;\" href=\"http:\/\/schnitt.com.ar\/descargas\/Manuales-Thermal-Dynamics\/Manuales\/sd\/ES_CutMaster_152.pdf\" target=\"_blank\">Descarga Manual<\/a><br \/>\n<span  class=\"av_font_icon avia_animate_when_visible avia-icon-animate  av-icon-style-  avia-icon-pos-left \" style=\"color:red; border-color:red;\"><span class='av-icon-char' style='font-size:16px;line-height:16px;' aria-hidden='true' data-av_icon='\ue800' data-av_iconfont='fontello' ><\/span><\/span>\u00a0<a style=\"color: #115411;\" href=\"http:\/\/victortechnologies.com\/thermaldynamics\/featured-products\/cutmaster-152\" target=\"_blank\" rel=\"noopener\">Ver Website Oficial<\/a><\/p>\n<\/div><\/section><\/div><\/div><\/div>\n<div  style=' margin-top:15px; margin-bottom:15px;'  class='hr hr-custom hr-center hr-icon-no   avia-builder-el-23  el_after_av_content_slider  el_before_av_one_fifth '><span class='hr-inner  inner-border-av-border-thin' style=' width:1024px; border-color:#c1c1c1;' ><span class='hr-inner-style'><\/span><\/span><\/div>\n<div class=\"flex_column av_one_fifth  flex_column_div first  avia-builder-el-24  el_after_av_hr  el_before_av_three_fifth  \" ><\/div><div class=\"flex_column av_three_fifth  flex_column_div   avia-builder-el-25  el_after_av_one_fifth  el_before_av_one_fifth  \" ><div  class='avia-button-wrap avia-button-center  avia-builder-el-26  avia-builder-el-no-sibling ' ><a href='http:\/\/victortechnologies.com\/IM_Uploads\/doclib_9876_DocLib_9818_Victor_Thermal_Dynamics_CutmasterTRUE_RangeBro_(63-1400)_Jan2014.pdf' class='avia-button avia-button-fullwidth   avia-icon_select-yes-left-icon avia-color-custom ' target=\"_blank\" rel=\"noopener noreferrer\" style='color:#ffffff; background-color:#7c7c7c; '><span class='avia_button_icon avia_button_icon_left' aria-hidden='true' data-av_icon='\ue84e' data-av_iconfont='entypo-fontello'><\/span><span class='avia_iconbox_title' >Cat\u00e1logo Completo Thermal Dynamics<\/span><span class='avia_button_background avia-button avia-button-fullwidth avia-color-theme-color-subtle' ><\/span><\/a><\/div><\/div><div class=\"flex_column av_one_fifth  flex_column_div   avia-builder-el-27  el_after_av_three_fifth  avia-builder-el-last  \" ><\/div><\/div><\/div><\/div><!-- close content main div --><\/div><\/div><div id='av_section_3'  class='avia-section main_color avia-section-default avia-no-border-styling  avia-bg-style-scroll  avia-builder-el-28  el_after_av_section  avia-builder-el-last   container_wrap sidebar_right' style='background-color: #076324;  '  ><div class='container' ><div class='template-page content  av-content-small alpha units'><div class='post-entry post-entry-type-page post-entry-720'><div class='entry-content-wrapper clearfix'>\n<div class=\"flex_column av_three_fourth  flex_column_div first  avia-builder-el-29  el_before_av_one_fourth  avia-builder-el-first  \" ><div  style='padding-bottom:10px; color:#ffffff;font-size:30px;' class='av-special-heading av-special-heading-h4 custom-color-heading blockquote modern-quote  avia-builder-el-30  avia-builder-el-no-sibling  av-thin-font av-inherit-size '><h4 class='av-special-heading-tag '  itemprop=\"headline\"  ><strong>\u00bfNecesita m\u00e1s potencia? Vea tambi\u00e9n Fuentes Plasmas de Corte HD <\/strong><\/h4><div class='special-heading-border'><div class='special-heading-inner-border' style='border-color:#ffffff'><\/div><\/div><\/div><\/div><div class=\"flex_column av_one_fourth  flex_column_div   avia-builder-el-31  el_after_av_three_fourth  avia-builder-el-last  \" ><div  class='avia-button-wrap avia-button-left  avia-builder-el-32  avia-builder-el-no-sibling ' ><a href='https:\/\/schnitt.com.ar\/index.php\/fuentes-plasma\/corte-hd\/'  class='avia-button   avia-icon_select-no avia-size-x-large avia-position-left '  target=\"_blank\"  rel=\"noopener noreferrer\" style='background-color:#ffffff; border-color:#ffffff; color:#076324; ' ><span class='avia_iconbox_title' >Ver Aqu\u00ed<\/span><\/a><\/div><\/div>\n<\/div><\/div><\/div><!-- close content main div --><\/div><\/div><div id='after_section_3'  class='main_color av_default_container_wrap container_wrap sidebar_right' style=' '  ><div class='container' ><div class='template-page content  av-content-small alpha units'><div class='post-entry post-entry-type-page post-entry-720'><div class='entry-content-wrapper clearfix'><\/p>\n","protected":false},"excerpt":{"rendered":"","protected":false},"author":1,"featured_media":0,"parent":38,"menu_order":0,"comment_status":"open","ping_status":"closed","template":"","meta":{"_joinchat":[],"footnotes":""},"class_list":["post-720","page","type-page","status-publish","hentry"],"_links":{"self":[{"href":"https:\/\/schnitt.com.ar\/index.php\/wp-json\/wp\/v2\/pages\/720"}],"collection":[{"href":"https:\/\/schnitt.com.ar\/index.php\/wp-json\/wp\/v2\/pages"}],"about":[{"href":"https:\/\/schnitt.com.ar\/index.php\/wp-json\/wp\/v2\/types\/page"}],"author":[{"embeddable":true,"href":"https:\/\/schnitt.com.ar\/index.php\/wp-json\/wp\/v2\/users\/1"}],"replies":[{"embeddable":true,"href":"https:\/\/schnitt.com.ar\/index.php\/wp-json\/wp\/v2\/comments?post=720"}],"version-history":[{"count":67,"href":"https:\/\/schnitt.com.ar\/index.php\/wp-json\/wp\/v2\/pages\/720\/revisions"}],"predecessor-version":[{"id":1303,"href":"https:\/\/schnitt.com.ar\/index.php\/wp-json\/wp\/v2\/pages\/720\/revisions\/1303"}],"up":[{"embeddable":true,"href":"https:\/\/schnitt.com.ar\/index.php\/wp-json\/wp\/v2\/pages\/38"}],"wp:attachment":[{"href":"https:\/\/schnitt.com.ar\/index.php\/wp-json\/wp\/v2\/media?parent=720"}],"curies":[{"name":"wp","href":"https:\/\/api.w.org\/{rel}","templated":true}]}}