{"id":14,"date":"2015-05-28T02:31:27","date_gmt":"2015-05-28T02:31:27","guid":{"rendered":"http:\/\/schnitt.com.ar\/?page_id=14"},"modified":"2015-06-18T15:50:57","modified_gmt":"2015-06-18T15:50:57","slug":"empresa","status":"publish","type":"page","link":"https:\/\/schnitt.com.ar\/index.php\/empresa\/","title":{"rendered":"Empresa"},"content":{"rendered":"<p><div  style='padding-bottom:10px; font-size:40px;' class='av-special-heading av-special-heading-h3  blockquote modern-quote  avia-builder-el-0  el_before_av_textblock  avia-builder-el-first  av-inherit-size '><h3 class='av-special-heading-tag '  itemprop=\"headline\"  ><span style=\"color: #ea5610;\">SCHNITT\u00ae:La marca nacional l\u00edder en maquinaria CNC<\/h3><div class ='av-subheading av-subheading_below  ' style='font-size:21px;'><p>Resistencia, Presici\u00f3n y Dise\u00f1o Funcional.<\/p>\n<\/div><div class='special-heading-border'><div class='special-heading-inner-border' ><\/div><\/div><\/div><\/span><\/p>\n<section class=\"av_textblock_section \"  itemscope=\"itemscope\" itemtype=\"https:\/\/schema.org\/CreativeWork\" ><div class='avia_textblock  '   itemprop=\"text\" ><p>La empresa se caracteriza por su capacidad, dise\u00f1o, presentaciones, comercializaci\u00f3n y servicio post-venta. Le agradecemos su visita a nuestro sitio web y lo invitamos a recorrer y conocer todos nuestros productos de corte y grabado en sus distintas tecnolog\u00edas.<\/p>\n<p>Brindamos las mejores caracter\u00edsticas en materia humana, contando tambi\u00e9n con la mas alta tecnolog\u00eda productiva e innovando continuamente con maquinas de componentes nacionales fabricados en nuestros talleres.<\/p>\n<\/div><\/section>\n<div  style='height:60px' class='hr hr-invisible   avia-builder-el-2  el_after_av_textblock  el_before_av_one_third '><span class='hr-inner ' ><span class='hr-inner-style'><\/span><\/span><\/div>\n<div class=\"flex_column av_one_third  flex_column_div first  avia-builder-el-3  el_after_av_hr  el_before_av_one_third  \" ><p><div  style='padding-bottom:10px; ' class='av-special-heading av-special-heading-h3    avia-builder-el-4  el_before_av_textblock  avia-builder-el-first  '><h3 class='av-special-heading-tag '  itemprop=\"headline\"  >Misi\u00f3n<\/h3><div class='special-heading-border'><div class='special-heading-inner-border' ><\/div><\/div><\/div><br \/>\n<section class=\"av_textblock_section \"  itemscope=\"itemscope\" itemtype=\"https:\/\/schema.org\/CreativeWork\" ><div class='avia_textblock  '   itemprop=\"text\" ><p>La empresa se caracteriza por su capacidad, dise\u00f1o, presentaciones, comercializaci\u00f3n y servicio post-venta. Le agradecemos su visita a nuestro sitio web y lo invitamos a recorrer y conocer todos nuestros productos de corte y grabado en sus distintas tecnolog\u00edas.<\/p>\n<\/div><\/section><\/p><\/div>\n<div class=\"flex_column av_one_third  flex_column_div   avia-builder-el-6  el_after_av_one_third  el_before_av_one_third  \" ><p><div  style='padding-bottom:10px; ' class='av-special-heading av-special-heading-h3    avia-builder-el-7  el_before_av_textblock  avia-builder-el-first  '><h3 class='av-special-heading-tag '  itemprop=\"headline\"  >Visi\u00f3n<\/h3><div class='special-heading-border'><div class='special-heading-inner-border' ><\/div><\/div><\/div><br \/>\n<section class=\"av_textblock_section \"  itemscope=\"itemscope\" itemtype=\"https:\/\/schema.org\/CreativeWork\" ><div class='avia_textblock  '   itemprop=\"text\" ><p>La empresa se caracteriza por su capacidad, dise\u00f1o, presentaciones, comercializaci\u00f3n y servicio post-venta. Le agradecemos su visita a nuestro sitio web y lo invitamos a recorrer y conocer todos nuestros productos de corte y grabado en sus distintas tecnolog\u00edas.<\/p>\n<\/div><\/section><\/p><\/div>\n<div class=\"flex_column av_one_third  flex_column_div   avia-builder-el-9  el_after_av_one_third  el_before_av_hr  \" ><p><div  style='padding-bottom:10px; ' class='av-special-heading av-special-heading-h3    avia-builder-el-10  el_before_av_textblock  avia-builder-el-first  '><h3 class='av-special-heading-tag '  itemprop=\"headline\"  >Objetivos<\/h3><div class='special-heading-border'><div class='special-heading-inner-border' ><\/div><\/div><\/div><br \/>\n<section class=\"av_textblock_section \"  itemscope=\"itemscope\" itemtype=\"https:\/\/schema.org\/CreativeWork\" ><div class='avia_textblock  '   itemprop=\"text\" ><p>La empresa se caracteriza por su capacidad, dise\u00f1o, presentaciones, comercializaci\u00f3n y servicio post-venta. Le agradecemos su visita a nuestro sitio web y lo invitamos a recorrer y conocer todos nuestros productos de corte y grabado en sus distintas tecnolog\u00edas.<\/p>\n<\/div><\/section><\/p><\/div>\n<div  style='height:100px' class='hr hr-invisible   avia-builder-el-12  el_after_av_one_third  el_before_av_section  avia-builder-el-last '><span class='hr-inner ' ><span class='hr-inner-style'><\/span><\/span><\/div>\n<\/div><\/div><\/div><!-- close content main div --><\/div><\/div><div id='av_section_1'  class='avia-section alternate_color avia-section-small avia-no-border-styling  avia-bg-style-scroll  avia-builder-el-13  el_after_av_hr  avia-builder-el-last   av-minimum-height av-minimum-height-custom  container_wrap sidebar_right' style='background-color: #eaeaea;  '  ><div class='container' style='height:500px'><div class='template-page content  av-content-small alpha units'><div class='post-entry post-entry-type-page post-entry-14'><div class='entry-content-wrapper clearfix'>\n<div  style='padding-bottom:10px; color:#939393;' class='av-special-heading av-special-heading-h3 custom-color-heading   avia-builder-el-14  el_before_av_postslider  avia-builder-el-first  '><h3 class='av-special-heading-tag '  itemprop=\"headline\"  >Novedades Schnitt &#8211; Blog<\/h3><div class='special-heading-border'><div class='special-heading-inner-border' style='border-color:#939393'><\/div><\/div><\/div>\n<div   data-autoplay='1'  data-interval='4'  data-animation='fade'  data-show_slide_delay='90'  class='avia-content-slider avia-content-slider-active avia-content-slider1 avia-content-slider-even  avia-builder-el-15  el_after_av_heading  avia-builder-el-last  '  itemscope=\"itemscope\" itemtype=\"https:\/\/schema.org\/Blog\" ><div class='avia-content-slider-inner'><div class='slide-entry-wrap'><article class='slide-entry flex_column  post-entry post-entry-1417 slide-entry-overview slide-loop-1 slide-parity-odd  av_one_fourth first real-thumbnail post-format-image'  itemscope=\"itemscope\" itemtype=\"https:\/\/schema.org\/CreativeWork\" ><a href='https:\/\/schnitt.com.ar\/index.php\/2015\/11\/05\/nueva-ma-2016\/' data-rel='slide-1' class='slide-image' title='[Pr\u00f3ximamente] Nueva Ma 2016'><img decoding=\"async\" width=\"260\" height=\"185\" src=\"https:\/\/schnitt.com.ar\/wp-content\/uploads\/2015\/11\/20151104103358a-260x185.jpg\" class=\"wp-image-1423 avia-img-lazy-loading-not-1423 attachment-portfolio_small size-portfolio_small wp-post-image\" alt=\"\" \/><\/a><div class='slide-content'><header class=\"entry-content-header\"><h3 class='slide-entry-title entry-title '  itemprop=\"headline\" ><a href='https:\/\/schnitt.com.ar\/index.php\/2015\/11\/05\/nueva-ma-2016\/' title='[Pr\u00f3ximamente] Nueva Ma 2016'>[Pr\u00f3ximamente] Nueva Ma 2016<\/a><\/h3><span class=\"av-vertical-delimiter\"><\/span><\/header><div class='slide-meta'><time class='slide-meta-time updated'  itemprop=\"datePublished\" datetime=\"2015-11-05T22:04:00+00:00\" >noviembre 5, 2015<\/time><\/div><div class='slide-entry-excerpt entry-content'  itemprop=\"text\" >Estamos trabajando para mejorar las prestaciones del Router CNC\u2026<div class=\"read-more-link\"><a href=\"https:\/\/schnitt.com.ar\/index.php\/2015\/11\/05\/nueva-ma-2016\/\" class=\"more-link\">Leer m\u00e1s<span class=\"more-link-arrow\"><\/span><\/a><\/div><\/div><\/div><footer class=\"entry-footer\"><\/footer><span class='hidden'>\n\t\t\t\t<span class='av-structured-data'  itemprop=\"image\" itemscope=\"itemscope\" itemtype=\"https:\/\/schema.org\/ImageObject\" >\n\t\t\t\t\t\t<span itemprop='url'>https:\/\/schnitt.com.ar\/wp-content\/uploads\/2015\/11\/20151104103358a.jpg<\/span>\n\t\t\t\t\t\t<span itemprop='height'>449<\/span>\n\t\t\t\t\t\t<span itemprop='width'>800<\/span>\n\t\t\t\t<\/span>\n\t\t\t\t<span class='av-structured-data'  itemprop=\"publisher\" itemtype=\"https:\/\/schema.org\/Organization\" itemscope=\"itemscope\" >\n\t\t\t\t\t\t<span itemprop='name'>schnitt<\/span>\n\t\t\t\t\t\t<span itemprop='logo' itemscope itemtype='https:\/\/schema.org\/ImageObject'>\n\t\t\t\t\t\t\t<span itemprop='url'>http:\/\/schnitt.com.ar\/wp-content\/uploads\/2015\/06\/schnitt.png<\/span>\n\t\t\t\t\t\t <\/span>\n\t\t\t\t<\/span><span class='av-structured-data'  itemprop=\"author\" itemscope=\"itemscope\" itemtype=\"https:\/\/schema.org\/Person\" ><span itemprop='name'>schnitt<\/span><\/span><span class='av-structured-data'  itemprop=\"datePublished\" datetime=\"2015-05-28T02:31:27+00:00\" >2015-11-05 22:04:00<\/span><span class='av-structured-data'  itemprop=\"dateModified\" itemtype=\"https:\/\/schema.org\/dateModified\" >2020-11-02 00:23:25<\/span><span class='av-structured-data'  itemprop=\"mainEntityOfPage\" itemtype=\"https:\/\/schema.org\/mainEntityOfPage\" ><span itemprop='name'>[Pr\u00f3ximamente] Nueva Ma 2016<\/span><\/span><\/span><\/article><article class='slide-entry flex_column  post-entry post-entry-1409 slide-entry-overview slide-loop-2 slide-parity-even  av_one_fourth  fake-thumbnail post-format-video'  itemscope=\"itemscope\" itemtype=\"https:\/\/schema.org\/CreativeWork\" ><a href='https:\/\/schnitt.com.ar\/index.php\/2015\/11\/05\/maquinas-para-mercopar\/' data-rel='slide-1' class='slide-image' title='M\u00e1quinas para el Mercopar!'><span class=' fallback-post-type-icon' aria-hidden='true' data-av_icon='\ue80d' data-av_iconfont='entypo-fontello'><\/span><span class='slider-fallback-image'><img decoding=\"async\" width=\"260\" height=\"185\" src=\"https:\/\/schnitt.com.ar\/wp-content\/uploads\/2015\/06\/blog1-260x185.jpg\" class=\"wp-image-640 avia-img-lazy-loading-not-640 attachment-portfolio_small size-portfolio_small wp-post-image\" alt=\"\" \/><\/span><\/a><div class='slide-content'><header class=\"entry-content-header\"><h3 class='slide-entry-title entry-title '  itemprop=\"headline\" ><a href='https:\/\/schnitt.com.ar\/index.php\/2015\/11\/05\/maquinas-para-mercopar\/' title='M\u00e1quinas para el Mercopar!'>M\u00e1quinas para el Mercopar!<\/a><\/h3><span class=\"av-vertical-delimiter\"><\/span><\/header><div class='slide-meta'><time class='slide-meta-time updated'  itemprop=\"datePublished\" datetime=\"2015-11-05T19:11:14+00:00\" >noviembre 5, 2015<\/time><\/div><div class='slide-entry-excerpt entry-content'  itemprop=\"text\" >Estas son las m\u00e1quinas que estaremos exponiendo el pr\u00f3ximo\u2026<div class=\"read-more-link\"><a href=\"https:\/\/schnitt.com.ar\/index.php\/2015\/11\/05\/maquinas-para-mercopar\/\" class=\"more-link\">Leer m\u00e1s<span class=\"more-link-arrow\"><\/span><\/a><\/div><\/div><\/div><footer class=\"entry-footer\"><\/footer><span class='hidden'>\n\t\t\t\t<span class='av-structured-data'  itemprop=\"image\" itemscope=\"itemscope\" itemtype=\"https:\/\/schema.org\/ImageObject\" >\n\t\t\t\t\t\t<span itemprop='url'>http:\/\/schnitt.com.ar\/wp-content\/uploads\/2015\/06\/schnitt.png<\/span>\n\t\t\t\t\t\t<span itemprop='height'>0<\/span>\n\t\t\t\t\t\t<span itemprop='width'>0<\/span>\n\t\t\t\t<\/span>\n\t\t\t\t<span class='av-structured-data'  itemprop=\"publisher\" itemtype=\"https:\/\/schema.org\/Organization\" itemscope=\"itemscope\" >\n\t\t\t\t\t\t<span itemprop='name'>schnitt<\/span>\n\t\t\t\t\t\t<span itemprop='logo' itemscope itemtype='https:\/\/schema.org\/ImageObject'>\n\t\t\t\t\t\t\t<span itemprop='url'>http:\/\/schnitt.com.ar\/wp-content\/uploads\/2015\/06\/schnitt.png<\/span>\n\t\t\t\t\t\t <\/span>\n\t\t\t\t<\/span><span class='av-structured-data'  itemprop=\"author\" itemscope=\"itemscope\" itemtype=\"https:\/\/schema.org\/Person\" ><span itemprop='name'>schnitt<\/span><\/span><span class='av-structured-data'  itemprop=\"datePublished\" datetime=\"2015-05-28T02:31:27+00:00\" >2015-11-05 19:11:14<\/span><span class='av-structured-data'  itemprop=\"dateModified\" itemtype=\"https:\/\/schema.org\/dateModified\" >2020-11-02 00:23:25<\/span><span class='av-structured-data'  itemprop=\"mainEntityOfPage\" itemtype=\"https:\/\/schema.org\/mainEntityOfPage\" ><span itemprop='name'>M\u00e1quinas para el Mercopar!<\/span><\/span><\/span><\/article><article class='slide-entry flex_column  post-entry post-entry-1 slide-entry-overview slide-loop-3 slide-parity-odd  av_one_fourth  real-thumbnail post-format-standard'  itemscope=\"itemscope\" itemtype=\"https:\/\/schema.org\/CreativeWork\" ><a href='https:\/\/schnitt.com.ar\/index.php\/2015\/10\/10\/hello-world\/' data-rel='slide-1' class='slide-image' title='Feria Mercopar 2015'><img decoding=\"async\" width=\"260\" height=\"185\" src=\"https:\/\/schnitt.com.ar\/wp-content\/uploads\/2015\/05\/mercopar-260x185.jpg\" class=\"wp-image-1371 avia-img-lazy-loading-not-1371 attachment-portfolio_small size-portfolio_small wp-post-image\" alt=\"\" srcset=\"https:\/\/schnitt.com.ar\/wp-content\/uploads\/2015\/05\/mercopar-260x185.jpg 260w, https:\/\/schnitt.com.ar\/wp-content\/uploads\/2015\/05\/mercopar-450x321.jpg 450w\" sizes=\"(max-width: 260px) 100vw, 260px\" \/><\/a><div class='slide-content'><header class=\"entry-content-header\"><h3 class='slide-entry-title entry-title '  itemprop=\"headline\" ><a href='https:\/\/schnitt.com.ar\/index.php\/2015\/10\/10\/hello-world\/' title='Feria Mercopar 2015'>Feria Mercopar 2015<\/a><\/h3><span class=\"av-vertical-delimiter\"><\/span><\/header><div class='slide-meta'><time class='slide-meta-time updated'  itemprop=\"datePublished\" datetime=\"2015-10-10T15:13:15+00:00\" >octubre 10, 2015<\/time><\/div><div class='slide-entry-excerpt entry-content'  itemprop=\"text\" >El pasado 10 de Octubre estuvimos presentes en la gran Feria\u2026<div class=\"read-more-link\"><a href=\"https:\/\/schnitt.com.ar\/index.php\/2015\/10\/10\/hello-world\/\" class=\"more-link\">Leer m\u00e1s<span class=\"more-link-arrow\"><\/span><\/a><\/div><\/div><\/div><footer class=\"entry-footer\"><\/footer><span class='hidden'>\n\t\t\t\t<span class='av-structured-data'  itemprop=\"image\" itemscope=\"itemscope\" itemtype=\"https:\/\/schema.org\/ImageObject\" >\n\t\t\t\t\t\t<span itemprop='url'>https:\/\/schnitt.com.ar\/wp-content\/uploads\/2015\/05\/mercopar.jpg<\/span>\n\t\t\t\t\t\t<span itemprop='height'>321<\/span>\n\t\t\t\t\t\t<span itemprop='width'>650<\/span>\n\t\t\t\t<\/span>\n\t\t\t\t<span class='av-structured-data'  itemprop=\"publisher\" itemtype=\"https:\/\/schema.org\/Organization\" itemscope=\"itemscope\" >\n\t\t\t\t\t\t<span itemprop='name'>schnitt<\/span>\n\t\t\t\t\t\t<span itemprop='logo' itemscope itemtype='https:\/\/schema.org\/ImageObject'>\n\t\t\t\t\t\t\t<span itemprop='url'>http:\/\/schnitt.com.ar\/wp-content\/uploads\/2015\/06\/schnitt.png<\/span>\n\t\t\t\t\t\t <\/span>\n\t\t\t\t<\/span><span class='av-structured-data'  itemprop=\"author\" itemscope=\"itemscope\" itemtype=\"https:\/\/schema.org\/Person\" ><span itemprop='name'>schnitt<\/span><\/span><span class='av-structured-data'  itemprop=\"datePublished\" datetime=\"2015-05-28T02:31:27+00:00\" >2015-10-10 15:13:15<\/span><span class='av-structured-data'  itemprop=\"dateModified\" itemtype=\"https:\/\/schema.org\/dateModified\" >2020-11-02 00:23:25<\/span><span class='av-structured-data'  itemprop=\"mainEntityOfPage\" itemtype=\"https:\/\/schema.org\/mainEntityOfPage\" ><span itemprop='name'>Feria Mercopar 2015<\/span><\/span><\/span><\/article><article class='slide-entry flex_column  post-entry post-entry-145 slide-entry-overview slide-loop-4 slide-parity-even  av_one_fourth  real-thumbnail post-format-video'  itemscope=\"itemscope\" itemtype=\"https:\/\/schema.org\/CreativeWork\" ><a href='https:\/\/schnitt.com.ar\/index.php\/2015\/10\/05\/expo-maquinas\/' data-rel='slide-1' class='slide-image' title='Mir\u00e1 como funciona la NhY 1530'><img decoding=\"async\" width=\"260\" height=\"185\" src=\"https:\/\/schnitt.com.ar\/wp-content\/uploads\/2015\/06\/blog4-260x185.jpg\" class=\"wp-image-638 avia-img-lazy-loading-not-638 attachment-portfolio_small size-portfolio_small wp-post-image\" alt=\"\" \/><\/a><div class='slide-content'><header class=\"entry-content-header\"><h3 class='slide-entry-title entry-title '  itemprop=\"headline\" ><a href='https:\/\/schnitt.com.ar\/index.php\/2015\/10\/05\/expo-maquinas\/' title='Mir\u00e1 como funciona la NhY 1530'>Mir\u00e1 como funciona la NhY 1530<\/a><\/h3><span class=\"av-vertical-delimiter\"><\/span><\/header><div class='slide-meta'><time class='slide-meta-time updated'  itemprop=\"datePublished\" datetime=\"2015-10-05T18:44:03+00:00\" >octubre 5, 2015<\/time><\/div><div class='slide-entry-excerpt entry-content'  itemprop=\"text\" >Hemos actualizado la informaci\u00f3n de algunas de nuestras m\u00e1quinas.\u2026<div class=\"read-more-link\"><a href=\"https:\/\/schnitt.com.ar\/index.php\/2015\/10\/05\/expo-maquinas\/\" class=\"more-link\">Leer m\u00e1s<span class=\"more-link-arrow\"><\/span><\/a><\/div><\/div><\/div><footer class=\"entry-footer\"><\/footer><span class='hidden'>\n\t\t\t\t<span class='av-structured-data'  itemprop=\"image\" itemscope=\"itemscope\" itemtype=\"https:\/\/schema.org\/ImageObject\" >\n\t\t\t\t\t\t<span itemprop='url'>https:\/\/schnitt.com.ar\/wp-content\/uploads\/2015\/06\/blog4.jpg<\/span>\n\t\t\t\t\t\t<span itemprop='height'>500<\/span>\n\t\t\t\t\t\t<span itemprop='width'>650<\/span>\n\t\t\t\t<\/span>\n\t\t\t\t<span class='av-structured-data'  itemprop=\"publisher\" itemtype=\"https:\/\/schema.org\/Organization\" itemscope=\"itemscope\" >\n\t\t\t\t\t\t<span itemprop='name'>schnitt<\/span>\n\t\t\t\t\t\t<span itemprop='logo' itemscope itemtype='https:\/\/schema.org\/ImageObject'>\n\t\t\t\t\t\t\t<span itemprop='url'>http:\/\/schnitt.com.ar\/wp-content\/uploads\/2015\/06\/schnitt.png<\/span>\n\t\t\t\t\t\t <\/span>\n\t\t\t\t<\/span><span class='av-structured-data'  itemprop=\"author\" itemscope=\"itemscope\" itemtype=\"https:\/\/schema.org\/Person\" ><span itemprop='name'>schnitt<\/span><\/span><span class='av-structured-data'  itemprop=\"datePublished\" datetime=\"2015-05-28T02:31:27+00:00\" >2015-10-05 18:44:03<\/span><span class='av-structured-data'  itemprop=\"dateModified\" itemtype=\"https:\/\/schema.org\/dateModified\" >2020-11-02 00:23:25<\/span><span class='av-structured-data'  itemprop=\"mainEntityOfPage\" itemtype=\"https:\/\/schema.org\/mainEntityOfPage\" ><span itemprop='name'>Mir\u00e1 como funciona la NhY 1530<\/span><\/span><\/span><\/article><\/div><div class='slide-entry-wrap'><article class='slide-entry flex_column  post-entry post-entry-147 slide-entry-overview slide-loop-5 slide-parity-odd  post-entry-last  av_one_fourth first real-thumbnail post-format-video'  itemscope=\"itemscope\" itemtype=\"https:\/\/schema.org\/CreativeWork\" ><a href='https:\/\/schnitt.com.ar\/index.php\/2015\/05\/28\/expor-routers\/' data-rel='slide-1' class='slide-image' title='Mir\u00e1 como funciona el Router CNC Ma'><img decoding=\"async\" width=\"260\" height=\"185\" src=\"https:\/\/schnitt.com.ar\/wp-content\/uploads\/2015\/06\/blog1-260x185.jpg\" class=\"wp-image-640 avia-img-lazy-loading-not-640 attachment-portfolio_small size-portfolio_small wp-post-image\" alt=\"\" \/><\/a><div class='slide-content'><header class=\"entry-content-header\"><h3 class='slide-entry-title entry-title '  itemprop=\"headline\" ><a href='https:\/\/schnitt.com.ar\/index.php\/2015\/05\/28\/expor-routers\/' title='Mir\u00e1 como funciona el Router CNC Ma'>Mir\u00e1 como funciona el Router CNC Ma<\/a><\/h3><span class=\"av-vertical-delimiter\"><\/span><\/header><div class='slide-meta'><time class='slide-meta-time updated'  itemprop=\"datePublished\" datetime=\"2015-05-28T18:44:15+00:00\" >mayo 28, 2015<\/time><\/div><div class='slide-entry-excerpt entry-content'  itemprop=\"text\" >Mir\u00e1 como funciona el Router CNC L\u00ednea Ma:\r\n\r\n\r\n\r\nEncontr\u00e1\u2026<div class=\"read-more-link\"><a href=\"https:\/\/schnitt.com.ar\/index.php\/2015\/05\/28\/expor-routers\/\" class=\"more-link\">Leer m\u00e1s<span class=\"more-link-arrow\"><\/span><\/a><\/div><\/div><\/div><footer class=\"entry-footer\"><\/footer><span class='hidden'>\n\t\t\t\t<span class='av-structured-data'  itemprop=\"image\" itemscope=\"itemscope\" itemtype=\"https:\/\/schema.org\/ImageObject\" >\n\t\t\t\t\t\t<span itemprop='url'>https:\/\/schnitt.com.ar\/wp-content\/uploads\/2015\/06\/blog1.jpg<\/span>\n\t\t\t\t\t\t<span itemprop='height'>500<\/span>\n\t\t\t\t\t\t<span itemprop='width'>650<\/span>\n\t\t\t\t<\/span>\n\t\t\t\t<span class='av-structured-data'  itemprop=\"publisher\" itemtype=\"https:\/\/schema.org\/Organization\" itemscope=\"itemscope\" >\n\t\t\t\t\t\t<span itemprop='name'>schnitt<\/span>\n\t\t\t\t\t\t<span itemprop='logo' itemscope itemtype='https:\/\/schema.org\/ImageObject'>\n\t\t\t\t\t\t\t<span itemprop='url'>http:\/\/schnitt.com.ar\/wp-content\/uploads\/2015\/06\/schnitt.png<\/span>\n\t\t\t\t\t\t <\/span>\n\t\t\t\t<\/span><span class='av-structured-data'  itemprop=\"author\" itemscope=\"itemscope\" itemtype=\"https:\/\/schema.org\/Person\" ><span itemprop='name'>schnitt<\/span><\/span><span class='av-structured-data'  itemprop=\"datePublished\" datetime=\"2015-05-28T02:31:27+00:00\" >2015-05-28 18:44:15<\/span><span class='av-structured-data'  itemprop=\"dateModified\" itemtype=\"https:\/\/schema.org\/dateModified\" >2020-11-02 00:23:26<\/span><span class='av-structured-data'  itemprop=\"mainEntityOfPage\" itemtype=\"https:\/\/schema.org\/mainEntityOfPage\" ><span itemprop='name'>Mir\u00e1 como funciona el Router CNC Ma<\/span><\/span><\/span><\/article><\/div><\/div><div class='avia-slideshow-arrows avia-slideshow-controls'><a href='#prev' class='prev-slide' aria-hidden='true' data-av_icon='\ue87c' data-av_iconfont='entypo-fontello'>Anterior<\/a><a href='#next' class='next-slide' aria-hidden='true' data-av_icon='\ue87d' data-av_iconfont='entypo-fontello'>Posterior<\/a><\/div><\/div>\n<\/div><\/div><\/div><!-- close content main div --><\/div><\/div><div id='after_section_1'  class='main_color av_default_container_wrap container_wrap sidebar_right' style=' '  ><div class='container' ><div class='template-page content  av-content-small alpha units'><div class='post-entry post-entry-type-page post-entry-14'><div class='entry-content-wrapper clearfix'>\n","protected":false},"excerpt":{"rendered":"","protected":false},"author":1,"featured_media":0,"parent":0,"menu_order":0,"comment_status":"open","ping_status":"open","template":"","meta":{"_joinchat":[],"footnotes":""},"class_list":["post-14","page","type-page","status-publish","hentry"],"_links":{"self":[{"href":"https:\/\/schnitt.com.ar\/index.php\/wp-json\/wp\/v2\/pages\/14"}],"collection":[{"href":"https:\/\/schnitt.com.ar\/index.php\/wp-json\/wp\/v2\/pages"}],"about":[{"href":"https:\/\/schnitt.com.ar\/index.php\/wp-json\/wp\/v2\/types\/page"}],"author":[{"embeddable":true,"href":"https:\/\/schnitt.com.ar\/index.php\/wp-json\/wp\/v2\/users\/1"}],"replies":[{"embeddable":true,"href":"https:\/\/schnitt.com.ar\/index.php\/wp-json\/wp\/v2\/comments?post=14"}],"version-history":[{"count":10,"href":"https:\/\/schnitt.com.ar\/index.php\/wp-json\/wp\/v2\/pages\/14\/revisions"}],"predecessor-version":[{"id":549,"href":"https:\/\/schnitt.com.ar\/index.php\/wp-json\/wp\/v2\/pages\/14\/revisions\/549"}],"wp:attachment":[{"href":"https:\/\/schnitt.com.ar\/index.php\/wp-json\/wp\/v2\/media?parent=14"}],"curies":[{"name":"wp","href":"https:\/\/api.w.org\/{rel}","templated":true}]}}